{"id":766,"date":"2020-03-31T16:36:04","date_gmt":"2020-03-31T20:36:04","guid":{"rendered":"https:\/\/schettini.eng.br\/web\/?page_id=766"},"modified":"2020-03-31T17:12:19","modified_gmt":"2020-03-31T21:12:19","slug":"blog","status":"publish","type":"page","link":"https:\/\/schettini.eng.br\/web\/blog\/","title":{"rendered":"Blog"},"content":{"rendered":"<p>[et_pb_section fb_built=&#8221;1&#8243; fullwidth=&#8221;on&#8221; _builder_version=&#8221;4.2.2&#8243; background_color=&#8221;#ab1a1e&#8221; max_height=&#8221;110px&#8221; custom_margin=&#8221;-40px||||false|false&#8221; custom_padding=&#8221;||||false|false&#8221;][et_pb_fullwidth_header title=&#8221;Blog&#8221; _builder_version=&#8221;4.2.2&#8243; background_enable_color=&#8221;off&#8221; background_image=&#8221;https:\/\/schettini.eng.br\/web\/wp-content\/uploads\/2020\/02\/pixel-bg2.jpg&#8221; background_size=&#8221;initial&#8221; background_repeat=&#8221;repeat&#8221;][\/et_pb_fullwidth_header][\/et_pb_section][et_pb_section fb_built=&#8221;1&#8243; _builder_version=&#8221;3.25.4&#8243; custom_margin=&#8221;||&#8221;][et_pb_row column_structure=&#8221;1_2,1_2&#8243; module_id=&#8221;requalificacao-viaria-mobilidade-urbana&#8221; _builder_version=&#8221;4.2.2&#8243;][et_pb_column type=&#8221;1_2&#8243; _builder_version=&#8221;3.25.4&#8243;][et_pb_blog include_categories=&#8221;19,21&#8243; _builder_version=&#8221;4.2.2&#8243; hover_enabled=&#8221;0&#8243; show_author=&#8221;off&#8221; show_categories=&#8221;off&#8221; excerpt_length=&#8221;150&#8243; read_more_text_color=&#8221;#ab1a1e&#8221; read_more_font=&#8221;|700|||||||&#8221; meta_date=&#8221;j, M Y&#8221; show_more=&#8221;on&#8221; header_font=&#8221;|700|||||||&#8221; header_text_color=&#8221;#ab1a1e&#8221;][\/et_pb_blog][\/et_pb_column][et_pb_column type=&#8221;1_2&#8243; _builder_version=&#8221;3.25.4&#8243;][\/et_pb_column][\/et_pb_row][\/et_pb_section][et_pb_section fb_built=&#8221;1&#8243; _builder_version=&#8221;3.25.4&#8243; background_color=&#8221;#5e0000&#8243; custom_margin=&#8221;-3px|||||&#8221; global_module=&#8221;517&#8243; saved_tabs=&#8221;all&#8221;][et_pb_row column_structure=&#8221;1_4,1_4,1_4,1_4&#8243; _builder_version=&#8221;3.25.4&#8243;][et_pb_column type=&#8221;1_4&#8243; _builder_version=&#8221;3.25.4&#8243;][et_pb_image src=&#8221;https:\/\/schettini.eng.br\/web\/wp-content\/uploads\/2019\/07\/selo-schettini-cinza.png&#8221; _builder_version=&#8221;3.25.4&#8243;][\/et_pb_image][\/et_pb_column][et_pb_column type=&#8221;1_4&#8243; _builder_version=&#8221;3.25.4&#8243;][et_pb_text _builder_version=&#8221;3.27.4&#8243; header_4_font=&#8221;||||||||&#8221; header_4_text_color=&#8221;#aaaaaa&#8221;]<\/p>\n<h4><span style=\"color: #ffffff;\"><strong>Schettini Engenharia<\/strong><\/span><\/h4>\n<p><span style=\"color: #ffffff;\"><strong>Ger\u00eancia de Projetos e Servi\u00e7os de Engenharia de infraestrutura, saneamento e tecnologia.<\/strong><\/span><\/p>\n<p>[\/et_pb_text][\/et_pb_column][et_pb_column type=&#8221;1_4&#8243; _builder_version=&#8221;3.25.4&#8243;][et_pb_text _builder_version=&#8221;3.27.4&#8243; header_4_font=&#8221;||||||||&#8221; header_4_text_color=&#8221;#aaaaaa&#8221;]<\/p>\n<h4><span style=\"color: #ffffff;\"><strong>Endere\u00e7o<\/strong><\/span><\/h4>\n<p><span style=\"color: #ffffff;\"><strong>R. Dr. Paulo Machado (Antiga Furnas), 1092,\u00a0Jd. Autonomista<br \/>CEP 79021-300<br \/>Campo Grande MS.<\/strong><\/span><\/p>\n<p>[\/et_pb_text][\/et_pb_column][et_pb_column type=&#8221;1_4&#8243; _builder_version=&#8221;3.25.4&#8243;][et_pb_text _builder_version=&#8221;3.27.4&#8243; header_4_font=&#8221;||||||||&#8221; header_4_text_color=&#8221;#aaaaaa&#8221;]<\/p>\n<h4><span style=\"color: #ffffff;\"><strong>Expediente<\/strong><\/span><\/h4>\n<p><span style=\"color: #ffffff;\"><strong>Seg-Sex<br \/> <\/strong><strong>das 8 \u00e0s 12H<br \/>e das 14 \u00e0s 18H<\/strong><\/span><\/p>\n<p>[\/et_pb_text][\/et_pb_column][\/et_pb_row][\/et_pb_section]<\/p>\n","protected":false},"excerpt":{"rendered":"<p>Schettini Engenharia Ger\u00eancia de Projetos e Servi\u00e7os de Engenharia de infraestrutura, saneamento e tecnologia.Endere\u00e7o R. Dr. Paulo Machado (Antiga Furnas), 1092,\u00a0Jd. AutonomistaCEP 79021-300Campo Grande MS.Expediente Seg-Sex das 8 \u00e0s 12He das 14 \u00e0s 18H<\/p>\n","protected":false},"author":1,"featured_media":0,"parent":0,"menu_order":0,"comment_status":"closed","ping_status":"closed","template":"","meta":{"_et_pb_use_builder":"on","_et_pb_old_content":"","_et_gb_content_width":"","footnotes":""},"class_list":["post-766","page","type-page","status-publish","hentry"],"_links":{"self":[{"href":"https:\/\/schettini.eng.br\/web\/wp-json\/wp\/v2\/pages\/766","targetHints":{"allow":["GET"]}}],"collection":[{"href":"https:\/\/schettini.eng.br\/web\/wp-json\/wp\/v2\/pages"}],"about":[{"href":"https:\/\/schettini.eng.br\/web\/wp-json\/wp\/v2\/types\/page"}],"author":[{"embeddable":true,"href":"https:\/\/schettini.eng.br\/web\/wp-json\/wp\/v2\/users\/1"}],"replies":[{"embeddable":true,"href":"https:\/\/schettini.eng.br\/web\/wp-json\/wp\/v2\/comments?post=766"}],"version-history":[{"count":4,"href":"https:\/\/schettini.eng.br\/web\/wp-json\/wp\/v2\/pages\/766\/revisions"}],"predecessor-version":[{"id":807,"href":"https:\/\/schettini.eng.br\/web\/wp-json\/wp\/v2\/pages\/766\/revisions\/807"}],"wp:attachment":[{"href":"https:\/\/schettini.eng.br\/web\/wp-json\/wp\/v2\/media?parent=766"}],"curies":[{"name":"wp","href":"https:\/\/api.w.org\/{rel}","templated":true}]}}

<p>[et_pb_section fb_built=&#8221;1&#8243; fullwidth=&#8221;on&#8221; _builder_version=&#8221;4.2.2&#8243; background_color=&#8221;#ab1a1e&#8221; max_height=&#8221;110px&#8221; custom_margin=&#8221;-40px||||false|false&#8221; custom_padding=&#8221;||||false|false&#8221;][et_pb_fullwidth_header title=&#8221;Blog&#8221; _builder_version=&#8221;4.2.2&#8243; background_enable_color=&#8221;off&#8221; background_image=&#8221;https://schettini.eng.br/web/wp-content/uploads/2020/02/pixel-bg2.jpg&#8221; background_size=&#8221;initial&#8221; background_repeat=&#8221;repeat&#8221;][/et_pb_fullwidth_header][/et_pb_section][et_pb_section fb_built=&#8221;1&#8243; _builder_version=&#8221;3.25.4&#8243; custom_margin=&#8221;||&#8221;][et_pb_row column_structure=&#8221;1_2,1_2&#8243; module_id=&#8221;requalificacao-viaria-mobilidade-urbana&#8221; _builder_version=&#8221;4.2.2&#8243;][et_pb_column type=&#8221;1_2&#8243; _builder_version=&#8221;3.25.4&#8243;][et_pb_blog include_categories=&#8221;19,21&#8243; _builder_version=&#8221;4.2.2&#8243; hover_enabled=&#8221;0&#8243; show_author=&#8221;off&#8221; show_categories=&#8221;off&#8221; excerpt_length=&#8221;150&#8243; read_more_text_color=&#8221;#ab1a1e&#8221; read_more_font=&#8221;|700|||||||&#8221; meta_date=&#8221;j, M Y&#8221; show_more=&#8221;on&#8221; header_font=&#8221;|700|||||||&#8221; header_text_color=&#8221;#ab1a1e&#8221;][/et_pb_blog][/et_pb_column][et_pb_column type=&#8221;1_2&#8243; _builder_version=&#8221;3.25.4&#8243;][/et_pb_column][/et_pb_row][/et_pb_section][et_pb_section fb_built=&#8221;1&#8243; _builder_version=&#8221;3.25.4&#8243; background_color=&#8221;#5e0000&#8243; custom_margin=&#8221;-3px|||||&#8221; global_module=&#8221;517&#8243; saved_tabs=&#8221;all&#8221;][et_pb_row column_structure=&#8221;1_4,1_4,1_4,1_4&#8243; _builder_version=&#8221;3.25.4&#8243;][et_pb_column type=&#8221;1_4&#8243; _builder_version=&#8221;3.25.4&#8243;][et_pb_image src=&#8221;https://schettini.eng.br/web/wp-content/uploads/2019/07/selo-schettini-cinza.png&#8221; _builder_version=&#8221;3.25.4&#8243;][/et_pb_image][/et_pb_column][et_pb_column type=&#8221;1_4&#8243; _builder_version=&#8221;3.25.4&#8243;][et_pb_text _builder_version=&#8221;3.27.4&#8243; header_4_font=&#8221;||||||||&#8221; header_4_text_color=&#8221;#aaaaaa&#8221;]</p>
<h4><span style="color: #ffffff;"><strong>Schettini Engenharia</strong></span></h4>
<p><span style="color: #ffffff;"><strong>Gerência de Projetos e Serviços de Engenharia de infraestrutura, saneamento e tecnologia.</strong></span></p>
<p>[/et_pb_text][/et_pb_column][et_pb_column type=&#8221;1_4&#8243; _builder_version=&#8221;3.25.4&#8243;][et_pb_text _builder_version=&#8221;3.27.4&#8243; header_4_font=&#8221;||||||||&#8221; header_4_text_color=&#8221;#aaaaaa&#8221;]</p>
<h4><span style="color: #ffffff;"><strong>Endereço</strong></span></h4>
<p><span style="color: #ffffff;"><strong>R. Dr. Paulo Machado (Antiga Furnas), 1092, Jd. Autonomista<br />CEP 79021-300<br />Campo Grande MS.</strong></span></p>
<p>[/et_pb_text][/et_pb_column][et_pb_column type=&#8221;1_4&#8243; _builder_version=&#8221;3.25.4&#8243;][et_pb_text _builder_version=&#8221;3.27.4&#8243; header_4_font=&#8221;||||||||&#8221; header_4_text_color=&#8221;#aaaaaa&#8221;]</p>
<h4><span style="color: #ffffff;"><strong>Expediente</strong></span></h4>
<p><span style="color: #ffffff;"><strong>Seg-Sex<br /> </strong><strong>das 8 às 12H<br />e das 14 às 18H</strong></span></p>
<p>[/et_pb_text][/et_pb_column][/et_pb_row][/et_pb_section]</p>

<p>Schettini Engenharia Gerência de Projetos e Serviços de Engenharia de infraestrutura, saneamento e tecnologia.Endereço R. Dr. Paulo Machado (Antiga Furnas), 1092, Jd. AutonomistaCEP 79021-300Campo Grande MS.Expediente Seg-Sex das 8 às 12He das 14 às 18H</p>
